{"id":49,"date":"2025-09-13T00:37:55","date_gmt":"2025-09-13T00:37:55","guid":{"rendered":"https:\/\/www.pimentos.com.co\/home\/"},"modified":"2025-09-26T18:50:14","modified_gmt":"2025-09-26T23:50:14","slug":"home","status":"publish","type":"page","link":"https:\/\/www.pimentos.com.co\/","title":{"rendered":"Home"},"content":{"rendered":"\n\n\n\n\n<h2>Nuestros Servicios<\/h2>\n\n\n\n\n\n\n\n<p>Lleve la experiencia de Pimentos a su hogar con nuestro servicio de catering, ideal para cualquier ocasi\u00f3n.<\/p>\n\n\n\n\n\n\n\n\n\n\n\n<p>Lorem Ipsum has been the industry&#8217;s standard dummy text ever since the 1500s.<\/p>\n\n\n\n\n\n\n\n<h2>Caracter\u00edsticas Destacadas<\/h2>\n\n\n\n\n\n\n\n<p>Ofrecemos una amplia variedad de platos que combinan influencias locales e internacionales, todos elaborados con ingredientes frescos.<\/p>\n\n\n\n\n\n<p>Nuestro restaurante est\u00e1 dise\u00f1ado para proporcionar un ambiente confortable y acogedor, perfecto para cualquier ocasi\u00f3n.<\/p>\n\n\n\n\n\n<p>Nuestro equipo se asegura de brindarle una atenci\u00f3n personalizada en cada visita, adapt\u00e1ndose a sus preferencias y necesidades.<\/p>\n\n\n\n\n\n\n\n\n\n<h2>Estad\u00edsticas Clave<\/h2>\n\n\n\n\n\n\n\n\n\n\n\n\n\n\n\n\n\n\n\n\n\n\n\n\n\n\n","protected":false},"excerpt":{"rendered":"","protected":false},"author":1,"featured_media":0,"parent":0,"menu_order":0,"comment_status":"closed","ping_status":"closed","template":"","meta":{"pagelayer_contact_templates":[],"_pagelayer_content":"","footnotes":""},"class_list":["post-49","page","type-page","status-publish","hentry"],"_links":{"self":[{"href":"https:\/\/www.pimentos.com.co\/index.php?rest_route=\/wp\/v2\/pages\/49","targetHints":{"allow":["GET"]}}],"collection":[{"href":"https:\/\/www.pimentos.com.co\/index.php?rest_route=\/wp\/v2\/pages"}],"about":[{"href":"https:\/\/www.pimentos.com.co\/index.php?rest_route=\/wp\/v2\/types\/page"}],"author":[{"embeddable":true,"href":"https:\/\/www.pimentos.com.co\/index.php?rest_route=\/wp\/v2\/users\/1"}],"replies":[{"embeddable":true,"href":"https:\/\/www.pimentos.com.co\/index.php?rest_route=%2Fwp%2Fv2%2Fcomments&post=49"}],"version-history":[{"count":10,"href":"https:\/\/www.pimentos.com.co\/index.php?rest_route=\/wp\/v2\/pages\/49\/revisions"}],"predecessor-version":[{"id":136,"href":"https:\/\/www.pimentos.com.co\/index.php?rest_route=\/wp\/v2\/pages\/49\/revisions\/136"}],"wp:attachment":[{"href":"https:\/\/www.pimentos.com.co\/index.php?rest_route=%2Fwp%2Fv2%2Fmedia&parent=49"}],"curies":[{"name":"wp","href":"https:\/\/api.w.org\/{rel}","templated":true}]}}